reatest common divisor of 315758 and 1506.
502
Calculate the highest common factor of 731 and 4171.
43
Calculate the highest common divisor of 34086 and 1710.
114
What is the highest common divisor of 2144 and 13472?
32
What is the highest common divisor of 132883 and 332?
83
Calculate the greatest common factor of 1074 and 13743978.
1074
What is the greatest common divisor of 452 and 1492052?
452
What is the greatest common divisor of 56459 and 169?
13
What is the highest common divisor of 21 and 343?
7
What is the greatest common factor of 200 and 1008200?
200
Calculate the greatest common divisor of 1482 and 6435.
39
What is the highest common factor of 28557 and 10431?
171
Calculate the highest common factor of 6575 and 25.
25
Calculate the highest common divisor of 3965 and 1040.
65
What is the highest common factor of 304434 and 234?
234
Calculate the greatest common factor of 115132 and 90384.
1076
What is the greatest common factor of 2544973 and 23?
23
What is the highest common factor of 555 and 1108890?
555
What is the highest common factor of 11 and 6988641?
11
Calculate the greatest common factor of 33432 and 385264.
1592
Calculate the highest common factor of 129 and 389107.
43
What is the highest common factor of 18075 and 300?
75
What is the highest common divisor of 364 and 762216?
364
What is the greatest common factor of 171 and 48089?
19
What is the highest common factor of 48456 and 936?
72
Calculate the highest common divisor of 30 and 2241255.
15
Calculate the highest common divisor of 13178 and 1562.
22
Calculate the greatest common divisor of 169160 and 160.
40
What is the greatest common divisor of 13969 and 11041?
61
Calculate the highest common factor of 97 and 75.
1
Calculate the highest common divisor of 650 and 442.
26
Calculate the greatest common factor of 1413 and 37366.
157
What is the greatest common factor of 51 and 44693?
17
Calculate the greatest common factor of 1330 and 6745.
95
What is the greatest common factor of 20033 and 26?
13
What is the greatest common divisor of 85374 and 16830?
306
Calculate the greatest common divisor of 11219955 and 435.
435
What is the greatest common factor of 216 and 115416?
72
What is the greatest common divisor of 7747 and 61?
61
Calculate the greatest common factor of 513902 and 4471.
263
What is the greatest common factor of 120057 and 84?
21
Calculate the highest common divisor of 1806 and 21414.
258
Calculate the greatest common divisor of 216427 and 493.
493
Calculate the highest common factor of 525786 and 18.
6
Calculate the greatest common factor of 264 and 27368.
88
Calculate the highest common divisor of 5120 and 84640.
160
What is the greatest common divisor of 40764 and 3096?
516
What is the highest common divisor of 9648 and 135?
9
Calculate the highest common divisor of 220 and 17050.
110
Calculate the highest common factor of 1869 and 6497.
89
What is the greatest common divisor of 332253 and 261?
261
Calculate the highest common divisor of 252 and 6489.
63
What is the highest common factor of 3116 and 3572?
76
Calculate the highest common divisor of 135932 and 68.
68
What is the greatest common divisor of 408 and 19924?
68
What is the greatest common divisor of 2415 and 33695?
115
Calculate the highest common divisor of 18063 and 1863.
81
What is the highest common divisor of 990355 and 205?
205
Calculate the highest common divisor of 129 and 145641.
129
What is the greatest common factor of 18180 and 3420?
180
Calculate the highest common divisor of 1328825 and 4025.
575
What is the highest common factor of 33948 and 84?
12
Calculate the highest common factor of 25 and 57670.
5
Calculate the highest common divisor of 9385 and 860.
5
What is the greatest common divisor of 1905527 and 207?
23
What is the greatest common divisor of 623 and 27145979?
623
Calculate the highest common factor of 456 and 162.
6
What is the greatest common divisor of 936 and 219258?
234
What is the greatest common divisor of 166 and 400?
2
What is the highest common factor of 31255 and 266?
133
Calculate the highest common divisor of 276238 and 708.
118
Calculate the highest common factor of 13570 and 598.
46
Calculate the greatest common divisor of 314 and 34.
2
Calculate the greatest common factor of 50 and 153475.
25
What is the highest common factor of 871874 and 302?
302
What is the highest common factor of 140 and 977004?
28
What is the highest common divisor of 2019749 and 3386?
1693
Calculate the highest common divisor of 17940 and 278760.
1380
Calculate the greatest common factor of 147 and 1664040.
147
Calculate the greatest common divisor of 4470 and 570.
30
Calculate the greatest common factor of 1600 and 96.
32
What is the greatest common factor of 7436 and 374?
22
Calculate the highest common divisor of 119 and 3031.
7
Calculate the greatest common divisor of 228 and 164244.
12
What is the highest common divisor of 41844 and 852?
12
What is the greatest common factor of 310761 and 946?
473
Calculate the highest common factor of 1162996 and 2656.
332
Calculate the highest common factor of 3 and 64107.
3
What is the greatest common divisor of 20 and 768?
4
What is the highest common divisor of 6003990 and 60?
30
Calculate the highest common factor of 1069452 and 24.
12
What is the highest common factor of 345078 and 684?
342
Calculate the greatest common divisor of 6539715 and 315.
315
Calculate the highest common factor of 30175 and 9775.
425
Calculate the highest common divisor of 8540 and 10.
10
Calculate the highest common factor of 52608 and 102912.
384
What is the greatest common factor of 10915 and 7585?
185
Calculate the greatest common factor of 391 and 88849.
23
What is the highest common divisor of 544235 and 2225?
445
Calculate the greatest common divisor of 549175 and 44.
11
What is the highest common divisor of 565 and 2225?
5
Calculate the highest common factor of 33 and 25971.
33
What is the greatest common factor of 242736 and 6864?
624
What is the highest common factor of 2110 and 3370?
10
Calculate the greatest common factor of 584722 and 496.
62
Calculate the greatest common factor of 21267 and 68.
17
What is the greatest common factor of 24518 and 137514?
1066
Calculate the greatest common divisor of 181 and 178466.
181
What is the highest common factor of 67 and 741355?
67
What is the highest common divisor of 5105700 and 4941?
1647
What is the highest common factor of 2 and 705638?
2
What is the highest common divisor of 265 and 93930?
5
Calculate the greatest common factor of 610 and 2560.
10
Calculate the highest common factor of 1450 and 34829.
29
What is the highest common divisor of 66 and 30910?
22
Calculate the greatest common divisor of 148289 and 2827.
257
Calculate the greatest common divisor of 494 and 110162.
494
What is the highest common divisor of 522 and 1842921?
261
What is the greatest common divisor of 13959 and 8272?
517
What is the greatest common divisor of 1373046 and 12?
6
What is the highest common divisor of 914464 and 112?
16
Calculate the highest common factor of 966 and 2422.
14
What is the highest common divisor of 236 and 28969?
59
Calculate the highest common factor of 186 and 858.
6
Calculate the highest common factor of 1800 and 9432.
72
Calculate the highest common divisor of 699 and 18407.
233
What is the greatest common factor of 3 and 213?
3
Calculate the highest common factor of 62 and 204569.
31
Calculate the greatest common factor of 482 and 946166.
482
Calculate the highest common factor of 10721 and 453.
151
Calculate the greatest common factor of 525 and 114930.
15
What is the highest common divisor of 257184 and 28728?
1368
What is the highest common factor of 25400 and 2200?
200
Calculate the highest common factor of 1587018 and 102.
102
What is the highest common factor of 281511 and 1395?
279
Calculate the highest common factor of 4578 and 22018.
218
What is the greatest common divisor of 11392 and 64?
64
Calculate the highest common divisor of 156 and 684.
12
What is the greatest common divisor of 1388 and 601351?
347
Calculate the greatest common factor of 795 and 7632.
159
What is the highest common factor of 420 and 30380?
140
Calculate the greatest common factor of 590777 and 4730.
473
W